digit of 575720?
5
What is the tens digit of 11380385?
8
What is the ten thousands digit of 33924556?
2
What is the ten thousands digit of 239059?
3
What is the hundreds digit of 1024840?
8
What is the hundred thousands digit of 219606?
2
What is the hundreds digit of 2848099?
0
What is the thousands digit of 8057561?
7
What is the tens digit of 466716?
1
What is the tens digit of 7415088?
8
What is the thousands digit of 14695511?
5
What is the units digit of 9022371?
1
What is the ten thousands digit of 8849890?
4
What is the thousands digit of 899526?
9
What is the millions digit of 26038401?
6
What is the ten thousands digit of 921808?
2
What is the ten thousands digit of 14133?
1
What is the tens digit of 6527967?
6
What is the thousands digit of 22083267?
3
What is the units digit of 21824076?
6
What is the thousands digit of 646028?
6
What is the hundred thousands digit of 268087?
2
What is the thousands digit of 4968208?
8
What is the ten thousands digit of 10071?
1
What is the units digit of 13626250?
0
What is the thousands digit of 42284?
2
What is the hundreds digit of 129932?
9
What is the ten thousands digit of 535919?
3
What is the units digit of 96618?
8
What is the units digit of 40722?
2
What is the hundreds digit of 553609?
6
What is the ten thousands digit of 3511618?
1
What is the thousands digit of 3947539?
7
What is the units digit of 1172743?
3
What is the ten millions digit of 13930612?
1
What is the hundred thousands digit of 1263841?
2
What is the thousands digit of 8781075?
1
What is the units digit of 66722?
2
What is the hundreds digit of 238872?
8
What is the units digit of 14205429?
9
What is the hundreds digit of 1606870?
8
What is the units digit of 1230526?
6
What is the hundreds digit of 197580?
5
What is the units digit of 132381?
1
What is the thousands digit of 392132?
2
What is the hundreds digit of 2762840?
8
What is the hundred thousands digit of 3691623?
6
What is the units digit of 13035624?
4
What is the thousands digit of 4198812?
8
What is the ten thousands digit of 7264805?
6
What is the units digit of 9727462?
2
What is the thousands digit of 190863?
0
What is the hundred thousands digit of 1124160?
1
What is the hundreds digit of 11309778?
7
What is the hundred thousands digit of 460847?
4
What is the hundreds digit of 220862?
8
What is the hundreds digit of 9821324?
3
What is the tens digit of 58855?
5
What is the hundreds digit of 20569269?
2
What is the millions digit of 15066249?
5
What is the tens digit of 274131?
3
What is the hundreds digit of 3862176?
1
What is the ten thousands digit of 815889?
1
What is the ten thousands digit of 274614?
7
What is the tens digit of 3218266?
6
What is the millions digit of 4495344?
4
What is the hundred thousands digit of 15129800?
1
What is the hundred thousands digit of 200825?
2
What is the hundreds digit of 49313?
3
What is the ten thousands digit of 3024574?
2
What is the millions digit of 2835511?
2
What is the thousands digit of 586797?
6
What is the millions digit of 4668992?
4
What is the hundred thousands digit of 3690701?
6
What is the hundreds digit of 10489753?
7
What is the thousands digit of 16416421?
6
What is the thousands digit of 375185?
5
What is the units digit of 47159?
9
What is the hundreds digit of 20293997?
9
What is the millions digit of 6120070?
6
What is the hundreds digit of 1712580?
5
What is the ten thousands digit of 6200794?
0
What is the units digit of 1469935?
5
What is the thousands digit of 877757?
7
What is the hundred thousands digit of 390686?
3
What is the thousands digit of 24975?
4
What is the ten thousands digit of 1013491?
1
What is the hundred thousands digit of 438138?
4
What is the units digit of 75610?
0
What is the units digit of 11774060?
0
What is the hundreds digit of 1327639?
6
What is the thousands digit of 164268?
4
What is the ten thousands digit of 295104?
9
What is the hundreds digit of 282142?
1
What is the ten thousands digit of 7496654?
9
What is the units digit of 1717693?
3
What is the hundred thousands digit of 421935?
4
What is the hundreds digit of 84796?
7
What is the units digit of 1480045?
5
What is the tens digit of 94585?
8
What is the thousands digit of 60338?
0
What is the thousands digit of 439431?
9
What is the thousands digit of 5499195?
9
What is the millions digit of 27348658?
7
What is the units digit of 251939?
9
What is the hundred thousands digit of 135130?
1
What is the units digit of 11414?
4
What is the hundred thousands digit of 763435?
7
What is the hundred thousands digit of 179890?
1
What is the ten thousands digit of 5591470?
9
What is the units digit of 75799?
9
What is the units digit of 71774?
4
What is the hundreds digit of 229605?
6
What is the tens digit of 1007175?
7
What is the thousands digit of 345857?
5
What is the hundred thousands digit of 15342911?
3
What is the hundreds digit of 282025?
0
What is the thousands digit of 603594?
3
What is the thousands digit of 9014783?
4
What is the tens digit of 9762?
6
What is the thousands digit of 52444?
2
What is the tens digit of 34332?
3
What is the units digit of 6941579?
9
What is the tens digit of 1516563?
6
What is the ten thousands digit of 2447022?
4
What is the millions digit of 3296416?
3
What is the hundreds digit of 2214239?
2
What is the hundred thousands digit of 18806851?
8
What is the ten thousands digit of 7963839?
6
What is the hundreds digit of 1370957?
9
What is the hundred thousands digit of 10621117?
6
What is the units digit of 9821561?
1
What is the thousands digit of 7152352?
2
What is the units digit of 918672?
2
What is the ten thousands digit of 23608018?
0
What is the hundred thousands digit of 6913717?
9
What is the units digit of 92618?
8
What is the hundreds digit of 360214?
2
What is the hundred thousands digit of 2379706?
3
What is the units digit of 4667904?
4
What is the tens digit of 3537094?
9
What is the tens digit of 630248?
4
What is the millions digit of 5132011?
5
What is the thousands digit of 524374?
4
What is the thousands digit of 18841731?
1
What is the ten thousands digit of 15566911?
6
What is the ten thousands digit of 4208792?
0
What is the hundred thousands digit of 728401?
7
What is the tens digit of 56917?
1
What is the units digit of 50540?
0
What is the tens digit of 581034?
3
What is the hundreds digit of 14692885?
8
What is the units digit of 6263030?
0
What is the hundreds digit of 942212?
2
What is the thousands digit of 286970?
6
What is the hundred thousands digit of 733095?
7
What is the units digit of 23367636?
6
What is the tens digit of 225318?
1
What is the tens digit of 4902172?
7
What is the hundreds digit of 777025?
0
What is the millions digit of 3703691?
3
What is the hundreds digit of 457500?
5
What is the hundred thousands digit of 1032374?
0
What is the ten thousands digit of 8176895?
7
What is the hundred thousands digit of 1465846?
4
What is the tens digit of 4355718?
1
What is the hundreds digit of 13730?
7
What is the tens digit of 625107?
0
What is the hundreds digit of 208910?
9
What is the millions digit of 36785186?
6
What is the tens digit of 378845?
4
What is the hundred thousands digit of 292221?
2
What is the hundred thousands digit of 21042149?
0
What is the units digit of 204210?
0
What is the ten thousands digit of 6382559?
8
What is the thousands digit of 2503485?
3
What is the ten thousands digit of 216142?
1
What is the hundred thousands digit of 557884?
5
What is the units digit of 3503329?
9
What is the ten thousands digit of 2832617?
3
What is the millions digit of 19783197?
9
What is the thousands digit of 411315?
1
What is the ten thousands digit of 5843808?
4
What is the ten thousands digit of 1349895?
4
What is the ten thousands digit of 148660?
4
What is the ten thousands digit of 4103579?
0
What is the hundred thousands digit of 153973?
1
What is the thousands digit of 912167?
2
What is the thousands digit of 2860984?
0
What is the thousands digit of 1499383?
9
What is the thousands digit of 11935954?
5
What is the tens digit of 404500?
0
What is the units digit of 359155?
5
What is the thousands digit of 4182379?
2
What is the thousands digit of 3902138?
2
What is the millions digit of 13332565?
3
What 